h = 25. Suppose -3*t + h*f = -t - 209, -174 = -2*t - 2*f. List the prime factors of t.
2, 23
Let m(r) = r**3 + 9*r**2 + 14*r - 1. Let o = 3 - 9. What are the prime factors of m(o)?
23
Suppose d - 15 = -4*x, 2*x + 2*d - 12 = 6*d. List the prime factors of 69 + 2/x*(-3 - 1).
67
What are the prime factors of (1 - 6)/(39/(-4524))?
2, 5, 29
Let t(v) = 8 + 8*v**2 - 2 - 3*v**3 - 3 + 5*v + 4*v**3. What are the prime factors of t(-6)?
3, 5
Let f be 1 + (-14554)/(-30) + (-6)/45. Let k = f + -273. List the prime factors of k.
3, 71
Suppose 5*y = -3*b + 15, 26 = 4*b + 4*y + 6. What are the prime factors of b + (5 + 126 - 5)?
131
Suppose 3*w + 9 = -18. What are the prime factors of (-2)/w + (-301)/(-63)?
5
Suppose 2*n = -n - 3, 0 = -y - 5*n + 3. Suppose 3*l = -q + y + 10, 0 = -4*l + 5*q + 24. List the prime factors of (134/l)/(18/54).
67
Let m be ((-8)/(-5))/(6/15). Suppose 2*k - 3*k = 5*g - 145, 0 = -m*g - 4*k + 116. List the prime factors of g.
29
Suppose -20 = -101*i + 106*i, 30936 = 5*x - 4*i. What are the prime factors of x?
2, 773
Let d(v) = -2*v**2 - 2*v - 3. Let k(f) = -1. Let j(s) = -d(s) + 6*k(s). What are the prime factors of j(-8)?
109
Suppose 52*j - 85068 = 35*j. What are the prime factors of j?
2, 3, 139
Let l = -25 + 27. Suppose -l*q = -0*q + 8, -5*c - q + 296 = 0. What are the prime factors of c?
2, 3, 5
Let z = 142 - 120. Suppose z*p = 13*p + 2421. What are the prime factors of p?
269
Let n = -94 - -98. Suppose u - 2 = 0, n*m - 4*u = 112 + 20. What are the prime factors of m?
5, 7
Suppose -f = -2*u + f - 168, -258 = 3*u - 5*f. Let o = -10 - u. What are the prime factors of o?
71
Let o(g) = 2*g**3 - 47*g**2 + 24*g - 7. Let v be o(23). Suppose -3*w + 2*a = 2*w - 170, 0 = 5*w - 4*a - 170. Let z = w - v. List the prime factors of z.
2, 3
Suppose 24 = 10*t - 2*t. Suppose -195 = t*h - 6*h. What are the prime factors of h?
5, 13
Suppose -4*t + 31 = 5*r, -t + 3*r - 5 = -0. Let l(b) = 2 + b**2 - t + 1 - 2*b + 2. List the prime factors of l(4).
3
Suppose 4*s + 45 = 169. List the prime factors of s.
31
Suppose -5 - 19 = -4*j. Let c(p) = -p**2 - 5*p + 1. Let n be c(-4). List the prime factors of n/((-15)/j) - -36.
2, 17
What are the prime factors of (-9)/6 - (-34758)/36?
2, 241
List the prime factors of (2212/49 + 2)*(7 - 0).
2, 3, 5, 11
Suppose 4*j + 7265 - 19207 = -2*l, l = -5. What are the prime factors of j?
2, 3, 83
Let g be 2 + (-1 - 1 - -3). Suppose 0*k + 4*k - g*p = 0, -20 = -4*k - 2*p. Let d(t) = 10*t - 3. What are the prime factors of d(k)?
3
Let o(s) = 2*s**2 - 8*s - 2. Let r be o(5). Let x(a) = a**2 + 9*a - 16. List the prime factors of x(r).
2, 3, 5
Let f(a) = a**3 + 0*a**3 + 0*a**3 - 28*a - 16 + 12*a + 12*a**2. Let l be (-30)/2 - 2/(-1). What are the prime factors of f(l)?
23
Suppose -25*i + 22642 = -27183. What are the prime factors of i?
1993
Let u = 2 - 2. Let c be (110/33)/(2/6). Suppose -6*p + c*p - 20 = u. What are the prime factors of p?
5
Let s = 90 + -87. Suppose -s*g + 301 + 212 = 0. List the prime factors of g.
3, 19
Let y = -13 - -17. Suppose y*s = -3*j, -5*s = -3*j + 11 + 16. Suppose j*c - 6 = 70. What are the prime factors of c?
19
Let s(f) = 0*f**3 - 2 + 7*f**2 - 10*f - 8*f**2 + 7*f**2 + f**3. What are the prime factors of s(-7)?
19
Let j = -9 + 6. Let i(c) = -c**2 - 3*c + 3. Let t be i(j). Let y(b) = 2*b**3 - 3*b**2 + b - 2. What are the prime factors of y(t)?
2, 7
Let j = -45 - -1103. List the prime factors of j.
2, 23
Let y(r) = 16*r + 25. Let p be y(5). Suppose -3*g + 5*a + p = 0, -2*a + 82 = -4*g + 208. What are the prime factors of g?
2, 3, 5
Suppose 0*j = 2*j - 14. Let w = -7 + j. Suppose 5*h + 0*h - b - 146 = w, -3*h + 2*b = -82. What are the prime factors of h?
2, 3, 5
Suppose -4*x + 64 = -3*x. Let l = x - -2. List the prime factors of l.
2, 3, 11
Let d = 14 + -14. Let h = -14 - -16. Suppose h*z - z - 28 = d. List the prime factors of z.
2, 7
Suppose 4*q + 3*y - 2*y + 44 = 0, -q + 10 = -5*y. List the prime factors of q/(-2) + 4/8*-4.
3
List the prime factors of 46/69*(-26748)/(-8).
3, 743
Let k = 312 + 811. List the prime factors of k.
1123
Let o(w) = -3*w**3 - 13*w**2 - 3*w - 2. Let k be o(-7). Suppose 4*t - k = t. What are the prime factors of t?
137
Let z(p) = 263*p - 60. What are the prime factors of z(4)?
2, 31
Suppose -4*p + 60 = 2*y, 4*y = -0*p - p + 8. List the prime factors of p.
2
List the prime factors of (1 - -3) + -3 + 3777 + 5.
3, 13, 97
Suppose 15*q - 20*q = -6075. What are the prime factors of q?
3, 5
Let y = -5914 - -9743. List the prime factors of y.
7, 547
Let h(s) = -2*s**2 + 11*s - 11. Let p(v) = -6*v**2 + 34*v - 34. Let g(y) = -7*h(y) + 2*p(y). What are the prime factors of g(8)?
5, 13
Let r = 11 + 63. Let w = r - -78. List the prime factors of w.
2, 19
Suppose 0 = -9*c + 7 + 191. Suppose -j + 68 + c = 0. What are the prime factors of j?
2, 3, 5
Let n(u) = -4*u**3 + 2*u**2 + u. Let h = 9 + -10. Let z be n(h). Suppose 5*t - q = -5*q + 294, z*t - 4*q - 286 = 0. List the prime factors of t.
2, 29
Suppose 4*n = -3*g, -4*n = n + 3*g. Let z(s) = -s**2 + 9*s - 10. Let d be z(7). Suppose 3*l = -n*l - 2*v + 88, 3*v = -d*l + 116. List the prime factors of l.
2
Suppose 4*y + m - 5323 = 0, -626 = -y + 4*m + 709. What are the prime factors of y?
11
Suppose 222 = 3*m - 78. List the prime factors of 6/(-10) + 4560/m.
3, 5
Suppose 3*b - 2 - 4 = 0. Let a be 4/(-26) - (-44)/(-52). Let s = b - a. What are the prime factors of s?
3
Let o(r) = r**2 + 12*r - 14. Let h be o(-13). Let i be (-1)/h + 4 - 3. Suppose -i*v - n = -65, 3*n = 8*n - 5. What are the prime factors of v?
2
Let r = 14 - 11. Suppose -r = -3*q - g - 1, -3*g = -4*q - 6. Suppose -f + 46 = -q*f. What are the prime factors of f?
2, 23
Let c(n) = 32*n - 24. Let o be c(9). Suppose -2*q + 4*t + o = 0, 403 = 4*q - 4*t - 121. List the prime factors of q.
2, 5, 13
Let d(b) = -21*b + 1. Suppose 5*i + 13 = -2. What are the prime factors of d(i)?
2
Let d be 0/((-4)/(-10) + (-78)/(-30)). What are the prime factors of 74 + 2 + (d - 1)?
3, 5
Let h(z) = -2*z**3 - 2*z - 1. Let c be h(-1). Suppose -c*v = -v + 318. List the prime factors of v/(-15) - (-4)/10.
11
Let b = 3 + 54. Let c be 12/(-6)*(-19)/(-2). Let u = b + c. What are the prime factors of u?
2, 19
Let v(i) = 4*i - 9. Let o(g) = g + 1. Let a(h) = -h**3 - 10*h**2 - 10*h - 4. Let w be a(-9). Let x be o(w). List the prime factors of v(x).
3, 5
Suppose -4144 = -2*z - 2*r, r + 3*r + 4150 = 2*z. What are the prime factors of z?
3, 691
Let a(k) = 9*k**2 + 7*k - 4. Suppose 10 + 38 = 16*x. What are the prime factors of a(x)?
2, 7
Suppose r = 5*o - 3109, -914 = -o + 3*r - 295. What are the prime factors of o?
2, 311
Suppose -815 = 16*l - 3103. What are the prime factors of l?
11, 13
Let n be (-5)/(25/(-2)) - 3/(-5). List the prime factors of 2/n + 5 + 12.
19
Let y(k) = k**3 - 14*k**2 + 14*k + 1. Let i be y(13). Suppose -i*d = -11*d. Suppose -3*z + 45 = -d*z. What are the prime factors of z?
3, 5
Suppose -11 + 5 = -3*f. Suppose -41 = -5*w - n, f*w - 4*n - 1 = 33. Let l = w + -7. List the prime factors of l.
2
Suppose 2*p - 2 = -g, 54 = 5*g - 2*p + 8. Let h(u) = u**2 - 7*u - 3. Let z be h(g). Suppose 0 = z*m - 11 - 154. What are the prime factors of m?
3, 11
Suppose 14756 = 4*y + 5*f - 7*f, 5*f = 0. What are the prime factors of y?
7, 17, 31
Suppose 3*m + 112 = -4*z + 1015, -2*z + 1204 = 4*m. What are the prime factors of m?
7, 43
Let i = 36 + -32. Suppose 2*p + 504 = 4*x - 238, 0 = i*p + 20. What are the prime factors of x?
3, 61
Let f = -109 - -337. Suppose 5*t - f = 242. What are the prime factors of t?
2, 47
Let d be -3*(4 + (-16)/3). Suppose -d*h - 14 = -122. What are the prime factors of h?
3
Let f(z) = -z + 5. Let a be f(3). Suppose -4 = -4*q, -a*q + 0*q - 323 = 5*m. Let w = m - -102. List the prime factors of w.
37
Let t(j) = j**3 - j - 1. Let l(c) = -169*c**3 - c + 3. Let o(m) = -l(m) - 2*t(m). List the prime factors of o(1).
13
Suppose 4*w - 5*y - 6875 = 0, -3*w + 5136 = 9*y - 6*y. List the prime factors of w.
5, 7
Suppose -5*q = 24 - 34. Let c be 2/(-7) + (-569)/(-7). Suppose q*u + u = c. List the prime factors of u.
3
What are the prime factors of (-6970)/(8/(-4)) + (-9)/(-3)?
2, 109
Suppose 4*f - 1525 = 4*s + 12267, -f - 2*s + 3460 = 0. List the prime factors of f.
2, 863
What are the prime factors o